lse
Is 6144685 composite?
True
Is 36897319 prime?
True
Is 38093519 prime?
True
Is 4435777 composite?
False
Is 1680547 prime?
False
Is 316777231 prime?
True
Is 162989641 a prime number?
False
Is 993473 composite?
True
Is 812602157 a prime number?
True
Is 1912553 a prime number?
True
Is 7487669 a composite number?
True
Is 4321799 a prime number?
True
Is 4455277 composite?
True
Is 5656549 a composite number?
False
Is 15709223 a prime number?
False
Is 4552885 prime?
False
Is 39019339 prime?
False
Is 102373 composite?
True
Is 7033687 composite?
True
Is 3782773 prime?
True
Is 124367273 a prime number?
True
Is 959173 prime?
True
Is 7319413 composite?
True
Is 33964819 prime?
False
Is 80628745 a composite number?
True
Is 2543201 prime?
True
Is 3645859 prime?
False
Is 1814005 a composite number?
True
Is 16953221 a composite number?
False
Is 55244659 composite?
False
Is 1003433 composite?
False
Is 223426549 composite?
False
Is 34017059 prime?
False
Is 189022187 a prime number?
True
Is 80021957 a prime number?
True
Is 40195367 prime?
True
Is 7781799 prime?
False
Is 337447 a prime number?
False
Is 4826831 prime?
True
Is 48156961 a composite number?
True
Is 12402485 a prime number?
False
Is 72181819 prime?
True
Is 274706141 composite?
False
Is 7944353 prime?
True
Is 312599 a composite number?
True
Is 502267 a prime number?
False
Is 383393474 a prime number?
False
Is 2301389 a prime number?
True
Is 22706561 a composite number?
False
Is 335866147 composite?
True
Is 1801511 a composite number?
True
Is 188952653 a prime number?
True
Is 70568809 composite?
False
Is 6607343 composite?
False
Is 314828947 prime?
False
Is 5789009 a composite number?
True
Is 2023963 a composite number?
False
Is 454787 composite?
True
Is 2967079 composite?
True
Is 9362621 a composite number?
True
Is 2422403 composite?
True
Is 6993019 composite?
True
Is 8224061 a prime number?
True
Is 173689127 a composite number?
True
Is 15585953 a composite number?
False
Is 58466903 a composite number?
True
Is 1269599 prime?
False
Is 78994831 a prime number?
True
Is 8248486 composite?
True
Is 44831 a prime number?
False
Is 71151191 composite?
True
Is 710417 prime?
False
Is 118800163 prime?
True
Is 61923221 a prime number?
True
Is 23234459 a composite number?
True
Is 215092049 a prime number?
True
Is 308210009 a prime number?
True
Is 121173961 a prime number?
True
Is 1065371 a prime number?
False
Is 31382419 composite?
True
Is 114703535 composite?
True
Is 104776121 prime?
True
Is 235798 composite?
True
Is 86393527 prime?
False
Is 23274391 a composite number?
True
Is 25043351 composite?
False
Is 2253323 a prime number?
True
Is 305017 a prime number?
True
Is 530641 composite?
False
Is 11241221 composite?
False
Is 13020307 prime?
True
Is 262505135 a composite number?
True
Is 22156439 prime?
True
Is 269461 a composite number?
False
Is 11686593 a prime number?
False
Is 2218357 composite?
True
Is 436922194 a composite number?
True
Is 1407635 composite?
True
Is 4301729 a prime number?
False
Is 852127 prime?
False
Is 305683 a composite number?
True
Is 129482429 a composite number?
False
Is 111273119 prime?
True
Is 110954071 a composite number?
False
Is 390666431 a composite number?
True
Is 4165849 a composite number?
False
Is 22835201 composite?
False
Is 87540545 composite?
True
Is 170807801 prime?
True
Is 2316697 prime?
True
Is 70037753 prime?
True
Is 105172549 composite?
False
Is 203308345 prime?
False
Is 1448087 prime?
True
Is 326293 a prime number?
False
Is 2859251 a composite number?
False
Is 1416094241 composite?
False
Is 20343227 a composite number?
False
Is 6243141 a composite number?
True
Is 3812093 prime?
False
Is 6649063 composite?
False
Is 53076011 a composite number?
False
Is 3560971 composite?
False
Is 960581 composite?
False
Is 5007823 a composite number?
True
Is 10306003 prime?
True
Is 1211983 prime?
True
Is 27386731 a composite number?
False
Is 4656331 a prime number?
True
Is 26750201 a composite number?
False
Is 5431441 a prime number?
True
Is 3020099 a composite number?
True
Is 8758777 a composite number?
False
Is 17547323 a prime number?
True
Is 19539851 a prime number?
False
Is 1639283 a prime number?
False
Is 29513537 a prime number?
True
Is 4614865 composite?
True
Is 98648861 prime?
True
Is 125183 a prime number?
True
Is 52574794 a composite number?
True
Is 66443231 a composite number?
True
Is 1409159 a composite number?
False
Is 9544919 composite?
False
Is 7112603 a prime number?
True
Is 13727261 a prime number?
True
Is 1029731 composite?
False
Is 49679759 composite?
False
Is 21814811 composite?
False
Is 12056755 composite?
True
Is 2233669 composite?
True
Is 771917 a composite number?
False
Is 2442227 composite?
False
Is 46505153 a prime number?
True
Is 298466617 a composite number?
False
Is 512828249 prime?
True
Is 156087521 a prime number?
False
Is 8828579 prime?
False
Is 596341 a prime number?
True
Is 94099 a prime number?
True
Is 154058413 a composite number?
False
Is 1817351 prime?
False
Is 42939401 a prime number?
False
Is 2752703 composite?
True
Is 52411151 a prime number?
False
Is 5295153 composite?
True
Is 17425543 a prime number?
False
Is 3450817 prime?
True
Is 240417419 a composite number?
True
Is 142188339 a composite number?
True
Is 12185171 a composite number?
False
Is 966517 composite?
True
Is 182406887 composite?
True
Is 3221674 prime?
False
Is 5906039 a composite number?
True
Is 93130517 prime?
False
Is 7095913 prime?
False
Is 898063 a composite number?
False
Is 55206293 a prime number?
False
Is 8334631 composite?
False
Is 25870703 composite?
False
Is 14051123 a prime number?
False
Is 20415295 prime?
False
Is 3389079 prime?
False
Is 1579511 a composite number?
False
Is 182633903 a composite number?
False
Is 24571 prime?
True
Is 1964621 a prime number?
False
Is 19496933 composite?
True
Is 130435477 a composite number?
True
Is 155266717 a prime number?
False
Is 6508079 a prime number?
True
Is 5925497 prime?
True
Is 45467351 a composite number?
True
Is 494776277 composite?
False
Is 299944969 a composite number?
False
Is 16263619 composite?
True
Is 33386369 composite?
False
Is 22116929 prime?
True
Is 1053269761 prime?
True
Is 1951811 a prime number?
True
Is 3512051 a prime number?
True
Is 5488377 composite?
True
Is 76115551 composite?
True
Is 235012859 a prime number?
False
Is 56392703 a composite number?
True
Is 82702607 composite?
True
Is 45498413 a prime number?
True
Is 10999949 a prime number?
True
Is 3878785 prime?
False
Is 944969 a composite number?
False
Is 57941713 a prime number?
False
Is 1016597 a composite number?
False
Is 723679 a composite number?
True
Is 197728261 a prime number?
False
Is 5402559 a composite number?
True
Is 102702133 a composite number?
True
Is 5873561 a prime number?
True
Is 243284735 composite?
True
Is 616639 prime?
True
Is 25557173 prime?
False
Is 20244179 composite?
True
Is 126663011 a prime number?
True
Is 62002379 composite?
False
Is 24193111 a prime number?
True
Is 4196015 a prime number?
False
Is 6452819 a prime number?
False
Is 3050519 a composite number?
True
Is 217266967 prime?
True
Is 8613379 a prime number?
True
Is 25624421 prime?
True
Is 9205579 a composite number?
False
Is 1767641 a prime number?
True
Is 2929489 a prime number?
False
Is 9669103 prime?
True
Is 270059585 prime?
False
Is 156247321 prime?
True
Is 31315069 prime?
True
Is 528678317 a composite number?
False
Is 521231 a composite number?
False
Is 9709195 composite?
True
Is 50987753 a prime number?
True
Is 572329 a composite number?
False
Is 27354191 composite?
False
Is 8311 composite?
False
Is 23866643 a prime number?
False
Is 1240360529 a composite number?
False
Is 1673414 a prime number?
False
Is 1104659 a prime number?
True
Is 326222311 prime?
True
Is 4453013 a prime number?
True
Is 1143433 prime?
True
Is 30572593 prime?
False
Is 54036989 a prime number?
False
Is 88547 a prime number?
True
Is 547471 a composite number?
False
Is 61906757 composite?
True
Is 1482161 prime?
False
Is 32943479 a composite number?
False
Is 33222643 a composite number?
False
Is 2483519 prime?
True
Is 7600657 prime?
False
Is 106707527 a composite number?
False
Is 5413427 prime?
False
Is 16110181 composite?
False
Is 10256527 a prime number?
True
Is 2587271 composite?
False
Is 1991267 pr